{"id":1661,"date":"2022-10-28T08:48:57","date_gmt":"2022-10-28T08:48:57","guid":{"rendered":"https:\/\/match-talionis.citic.udc.es\/?post_type=product&#038;p=1661"},"modified":"2022-12-12T11:55:29","modified_gmt":"2022-12-12T11:55:29","slug":"whatsapp-by-voice","status":"publish","type":"product","link":"https:\/\/match-talionis.citic.udc.es\/?product=whatsapp-by-voice","title":{"rendered":"WhatsAPP by Voice"},"content":{"rendered":"<table style=\"font-weight: 400;\" data-tablestyle=\"MsoTable15Grid5DarkAccent3\" data-tablelook=\"640\" aria-rowcount=\"9\">\n<tbody>\n<tr aria-rowindex=\"1\">\n<td data-celllook=\"69633\"><span style=\"color: #fab111;\">ACTIVIDAD\/\u00c1REA DEL DESEMPE\u00d1O\u00a0<\/span><\/td>\n<td data-celllook=\"65536\"><span data-contrast=\"auto\">Ocio\/ Participaci\u00f3n Social<\/span><span data-ccp-props=\"{&quot;134233117&quot;:false,&quot;134233118&quot;:false,&quot;201341983&quot;:0,&quot;335551550&quot;:1,&quot;335551620&quot;:1,&quot;335559685&quot;:0,&quot;335559737&quot;:0,&quot;335559738&quot;:0,&quot;335559739&quot;:0,&quot;335559740&quot;:259}\">\u00a0<\/span><\/td>\n<\/tr>\n<tr aria-rowindex=\"2\">\n<td data-celllook=\"69632\"><span style=\"color: #fab111;\" data-contrast=\"auto\">APLICABILIDAD DE LA SOLUCI\u00d3N (Objetivo)<\/span><span data-ccp-props=\"{&quot;201341983&quot;:0,&quot;335559740&quot;:259}\">\u00a0<\/span><\/td>\n<td data-celllook=\"65536\"><span data-contrast=\"auto\">Acceso y uso del m\u00f3vil\/ Tablet \/ Comunicaci\u00f3n \/ Redes Sociales<\/span><span data-ccp-props=\"{&quot;201341983&quot;:0,&quot;335559740&quot;:259}\">\u00a0<\/span><\/td>\n<\/tr>\n<tr aria-rowindex=\"3\">\n<td data-celllook=\"69632\"><span style=\"color: #fab111;\">C\u00d3DIGO Y CATEGOR\u00cdA ISO\u00a0<\/span><\/td>\n<td data-celllook=\"65536\"><span data-contrast=\"auto\">22 PRODUCTOS DE APOYO PARA LA COMUNICACI\u00d3N Y LA INFORMACI\u00d3N\u202f<\/span><span data-ccp-props=\"{&quot;201341983&quot;:0,&quot;335559740&quot;:259}\">\u00a0<\/span><\/td>\n<\/tr>\n<tr aria-rowindex=\"4\">\n<td data-celllook=\"69632\"><span style=\"color: #fab111;\">TIPO DE SOLUCI\u00d3N\u00a0<\/span><\/td>\n<td data-celllook=\"65536\"><span data-contrast=\"none\">Software<\/span><span data-ccp-props=\"{&quot;201341983&quot;:0,&quot;335559740&quot;:259}\">\u00a0<\/span><\/td>\n<\/tr>\n<tr aria-rowindex=\"5\">\n<td data-celllook=\"69632\"><span style=\"color: #fab111;\">SISTEMA OPERATIVO\u00a0<\/span><\/td>\n<td data-celllook=\"65536\"><span data-contrast=\"none\">ANDROID (versi\u00f3n no especificada)<\/span><span data-ccp-props=\"{&quot;201341983&quot;:0,&quot;335559740&quot;:259}\">\u00a0<\/span><\/td>\n<\/tr>\n<tr aria-rowindex=\"6\">\n<td data-celllook=\"69632\"><span style=\"color: #fab111;\">EDAD RECOMENDADA\u00a0<\/span><\/td>\n<td data-celllook=\"65536\"><span data-contrast=\"none\">A partir de 3 a\u00f1os.<\/span><span data-ccp-props=\"{&quot;201341983&quot;:0,&quot;335559740&quot;:259}\">\u00a0<\/span><\/td>\n<\/tr>\n<tr aria-rowindex=\"7\">\n<td data-celllook=\"69632\"><span style=\"color: #fab111;\">GRADO DE DIFICULTAD\u00a0<\/span><\/td>\n<td data-celllook=\"65536\"><span data-contrast=\"none\">Bajo &#8211; Medio<\/span><span data-ccp-props=\"{&quot;201341983&quot;:0,&quot;335559740&quot;:259}\">\u00a0<\/span><\/td>\n<\/tr>\n<tr aria-rowindex=\"8\">\n<td data-celllook=\"69632\"><span style=\"color: #fab111;\">IDIOMA\u00a0<\/span><\/td>\n<td data-celllook=\"65536\"><span data-contrast=\"none\">Espa\u00f1ol\/ Ingl\u00e9s\/\u00a0Portugu\u00e9s\/\u00a0Franc\u00e9s\/\u00a0Alem\u00e1n\/\u00a0Italiano\/\u00a0\u00c1rabe\/\u00a0Hebreo<\/span><span data-ccp-props=\"{&quot;201341983&quot;:0,&quot;335559740&quot;:259}\">\u00a0<\/span><\/td>\n<\/tr>\n<tr aria-rowindex=\"9\">\n<td data-celllook=\"69888\"><span style=\"color: #fab111;\">COSTE\u00a0<\/span><\/td>\n<td data-celllook=\"65536\"><span data-contrast=\"none\">Gratuito<\/span><\/td>\n<\/tr>\n<\/tbody>\n<\/table>\n<p>&nbsp;<\/p>\n\n<p>&nbsp;<\/p>\n<p>&nbsp;<\/p>\n","protected":false},"excerpt":{"rendered":"<p><span style=\"color: #88c33d;\"><span class=\"TextRun SCXW213743461 BCX8\" lang=\"ES-ES\" xml:lang=\"ES-ES\" data-contrast=\"auto\"><span class=\"NormalTextRun SCXW213743461 BCX8\">Reproduce mensajes de WhatsApp mediante el altavoz del dispositivo o a trav\u00e9s del bluetooth. Tambi\u00e9n escribe mensajes mediante el reconocimiento de voz de Android para convertir el di\u00e1logo en texto.<\/span><\/span><span class=\"EOP SCXW213743461 BCX8\" data-ccp-props=\"{&quot;201341983&quot;:0,&quot;335559739&quot;:160,&quot;335559740&quot;:259}\">\u00a0<\/span><\/span><\/p>\n","protected":false},"featured_media":2022,"template":"","meta":[],"product_brand":[],"product_cat":[101,82,71,106,123,80,93,83,111,129,78,79,92,128,119,116,127,114,134],"product_tag":[],"class_list":{"0":"post-1661","1":"product","2":"type-product","3":"status-publish","4":"has-post-thumbnail","6":"product_cat-22-productos-de-apoyo-para-la-comunicacion-y-la-informacion","7":"product_cat-acceso-y-uso-del-movil-tablet","8":"product_cat-actividad","9":"product_cat-adecuado-para-personas-con","10":"product_cat-android","11":"product_cat-aplicabilidad-de-la-solucion-tecnologica","12":"product_cat-clasificacion-internacional-iso-99992017-solo-primer-nivel","13":"product_cat-comunicacion","14":"product_cat-diversidad-funcional-visual-baja-vision-y-o-ceguera","15":"product_cat-mano-dedo","16":"product_cat-ocio","17":"product_cat-participacion-social","18":"product_cat-redes-sociales","19":"product_cat-seleccion-directa","20":"product_cat-sistema-operativo","21":"product_cat-software","22":"product_cat-tipo-de-acceso-segun-movilidad-conservada","23":"product_cat-tipo-de-solucion","24":"product_cat-voz","26":"first","27":"instock","28":"shipping-taxable","29":"product-type-simple"},"_links":{"self":[{"href":"https:\/\/match-talionis.citic.udc.es\/index.php?rest_route=\/wp\/v2\/product\/1661","targetHints":{"allow":["GET"]}}],"collection":[{"href":"https:\/\/match-talionis.citic.udc.es\/index.php?rest_route=\/wp\/v2\/product"}],"about":[{"href":"https:\/\/match-talionis.citic.udc.es\/index.php?rest_route=\/wp\/v2\/types\/product"}],"version-history":[{"count":6,"href":"https:\/\/match-talionis.citic.udc.es\/index.php?rest_route=\/wp\/v2\/product\/1661\/revisions"}],"predecessor-version":[{"id":2476,"href":"https:\/\/match-talionis.citic.udc.es\/index.php?rest_route=\/wp\/v2\/product\/1661\/revisions\/2476"}],"wp:featuredmedia":[{"embeddable":true,"href":"https:\/\/match-talionis.citic.udc.es\/index.php?rest_route=\/wp\/v2\/media\/2022"}],"wp:attachment":[{"href":"https:\/\/match-talionis.citic.udc.es\/index.php?rest_route=%2Fwp%2Fv2%2Fmedia&parent=1661"}],"wp:term":[{"taxonomy":"product_brand","embeddable":true,"href":"https:\/\/match-talionis.citic.udc.es\/index.php?rest_route=%2Fwp%2Fv2%2Fproduct_brand&post=1661"},{"taxonomy":"product_cat","embeddable":true,"href":"https:\/\/match-talionis.citic.udc.es\/index.php?rest_route=%2Fwp%2Fv2%2Fproduct_cat&post=1661"},{"taxonomy":"product_tag","embeddable":true,"href":"https:\/\/match-talionis.citic.udc.es\/index.php?rest_route=%2Fwp%2Fv2%2Fproduct_tag&post=1661"}],"curies":[{"name":"wp","href":"https:\/\/api.w.org\/{rel}","templated":true}]}}